56. Let p(r) = -r + 10. What is p(w)?
3
Let a(p) be the first derivative of p**3/3 + 3*p**2/2 - 4*p - 37. Calculate a(-3).
-4
Let f(w) = w + 2. Let i be f(3). Suppose -2*p - 2*n + 6 = 0, -i*p + 1 = 2*n - 2. Let y(t) = 3*t**3 - t**2 - t - 1. Determine y(p).
-4
Let j(m) = m. Let t = -7 - -12. Suppose 0 = -5*a - t*s - 10, 4*a - s - 8 = -1. What is j(a)?
1
Let j = 0 + 3. Let g(n) = -5*n + 2. Let o(p) = -p. Let a(r) = -g(r) + 3*o(r). Give a(j).
4
Suppose -2*c - 8 = -0. Let o(q) = -2*q + 3*q**2 + 2 + 7*q - 2*q**2. Give o(c).
-2
Let o(p) be the second derivative of -p**3/3 - 6*p**2 - 6*p. Give o(-8).
4
Let v(k) be the first derivative of k + 1/2*k**2 + 1/4*k**4 + 4/3*k**3 + 1. Let c = -5 - -1. What is v(c)?
-3
Let o be (6/(-5))/(6/(-15)). Let x = 1 + o. Let d(j) = -2 + 3 - j**3 - 5*j + 0 + 2*j**2 + 3*j**2. Give d(x).
-3
Let s be (2/(-4))/((-1)/(-2)). Let c be -6 + -1 + 3 - -4. Let f = s - c. Let v(y) = -5*y**3 + y**2 + y + 1. Calculate v(f).
6
Let q(t) = -6*t**2 + t. Let r(n) = 2*n**2. Let k(b) = 3*q(b) + 8*r(b). Suppose y + 3 = 4*y, 0 = -3*p + y + 5. Let m be p - 0*2/(-4). Give k(m).
-2
Let d(s) be the third derivative of s**4/12 + s**3/3 + s**2. Calculate d(-6).
-10
Let h(i) = -3*i + 4. Let s be 9/2*(-2)/(-3). Suppose -5*w + s*v = -14, 5*v = 5*w - 6*w + 14. Determine h(w).
-8
Suppose -2*a + 435 = 3*a. Suppose -6*z = -3*z - a. Let g(w) = w**2 + 29 - z. Determine g(1).
1
Let l(z) be the first derivative of 1/2*z**2 - 3 - 3*z. Determine l(5).
2
Let j be (2/6)/((-3)/(-27)). Suppose 2 + 4 = -4*l - 2*c, 2*c - j = -l. Let o(u) = -45*u**2 + 6*u - u + 3 + 46*u**2. Determine o(l).
-3
Let b(h) = -1. Let p(n) be the second derivative of 5*n**3/6 - n**2/2 - 6*n. Let r(w) = -3*b(w) + p(w). Give r(-2).
-8
Let f(l) be the second derivative of -l**3 - l. Suppose 2*c + 2*b = 16, c - 2*b - 4 + 5 = 0. Suppose 5*r + 4*n - 13 = 0, -r + c*n - n = 7. What is f(r)?
-6
Let f(x) = -x**3 - 6*x**2 + 7*x + 8. Suppose 20*g + 56 = 12*g. Calculate f(g).
8
Let b(w) be the third derivative of w**4/24 - w**3/3 - 6*w**2. Suppose 0*u - 2*u + 3 = -3*q, 4*u - 17 = -5*q. Suppose 0*s = -u*s + 9. Calculate b(s).
1
Suppose 14 = 2*q - 6. Let g(f) = 11*f + f**2 - 7 - f**3 + 5*f**2 - q*f. Give g(6).
-1
Suppose 2*g - 4 = g. Suppose -2*a - a - 28 = -4*c, 8 = -2*c - g*a. Let j(w) = w + 5. Determine j(c).
9
Let p(r) be the second derivative of -r**7/70 - r**6/360 - r**5/120 - r**4/24 - r**3/2 + 3*r. Let c(v) be the second derivative of p(v). What is c(-1)?
11
Suppose -2*i - 6 = -3*i. Let o be (-2)/1 + i/3. Let f(r) be the third derivative of r**4/24 + r**3 + r**2. Calculate f(o).
6
Let g be (2/(-2))/(1 + -2). Let a(p) = -6*p + 6*p**3 - 2*p**2 + 3*p - 3 + 6. Let k(v) = 3*v**3 - v**2 - 2*v + 2. Let s(m) = 3*a(m) - 5*k(m). Give s(g).
2
Let a(d) = -4*d - 8. Let v = 5 + -11. Let g(p) = 3*p + 7. Let z(m) = v*a(m) - 7*g(m). What is z(1)?
2
Let g(h) = -2*h - 5. Let q be g(-4). Let x(w) be the third derivative of -w**5/60 + 5*w**4/24 - w**3/2 + 12*w**2. Determine x(q).
3
Let v(t) = t + 9. Let m(d) = d + 8. Let x(i) = -7*m(i) + 6*v(i). Let n(g) = g**2 - 8*g - 3. Let z be n(7). Let y be (-4)/z + 4/(-10). What is x(y)?
-2
Let a(p) be the first derivative of -p**3/3 - 2*p**2 + p - 4. Determine a(-5).
-4
Let s be (-4)/3*-1*(-2 + -1). Let m(l) = -1 + 0*l - 3 + 7 + l. Determine m(s).
-1
Suppose -3*j = -5*n + 13 - 4, 0 = -n - 3*j + 9. Let v(d) be the second derivative of 0 - 3/2*d**2 - 1/6*d**n + 4*d. Calculate v(-4).
1
Suppose y - 6*y + 20 = 5*d, 5*y = -2*d + 8. Let q(s) = 2 + y + 2 - 5 - 4*s**2. Determine q(-1).
-5
Let c = -48 + 42. Let k(z) = z - 2. Give k(c).
-8
Let r(k) = k + 3. Let j(a) = 3*a + 8. Let h(p) = 4*j(p) - 11*r(p). Let s(z) = -5*z + 5. Let o(y) = -9*h(y) - 2*s(y). What is o(4)?
3
Let g(n) = 2*n - 3. Let x be -1 + 4 + (0 - 0). Determine g(x).
3
Let b(d) = -16 - 16*d + 8*d**2 + 6*d**2 - 4*d**2. Let i(u) = -7*u**2 + 11*u + 11. Let r(z) = 5*b(z) + 7*i(z). Determine r(5).
7
Let b(x) = 12*x**2 - 19*x**2 + 7*x - 4 + 5*x**2. Let l be (-16)/(-10)*25/10. What is b(l)?
-8
Let m(a) be the third derivative of -a**6/720 + 11*a**5/120 + a**4/8 + 8*a**2. Let i(j) be the second derivative of m(j). Suppose 0 = -3*s + 15. Calculate i(s).
6
Suppose 0 = 4*n + 4*o - 3*o - 7, -3*n - 5*o = -1. Let p(b) = 3*b**2 - 3*b + 1. Let z(h) = h**2 - h + 1. Let j(s) = -p(s) + 2*z(s). Give j(n).
-1
Suppose -2*v + 2*a - 2 = 6, 70 = -5*v - 5*a. Let s be (-150)/(-54) + (-2)/v. Let i(r) = -r + r + r**2 + r**s + 5 - r. Calculate i(0).
5
Suppose -w + 2 = -2*n + 5*n, -3*n = -2*w + 49. Let a = w - 18. Let v(q) = -16*q**2 + 2*q + 1. Determine v(a).
-17
Let r(g) = g**3 + 5*g**2 - 2*g - 2. Suppose 0 = 4*h + 4, 0 = -l + 5*h. Let z be 3/l + (-8)/20. Let v(n) = 6*n**3 - n. Let w be v(z). Determine r(w).
8
Let c(r) be the first derivative of -r**3/3 - 5*r**2/2 + 8*r + 1. Let d be -3*4/((-2)/(-1)). Let s be c(d). Let o(i) = i**3 - i. Give o(s).
6
Let q(u) = 4. Let d(o) = -o - 3. Let h(y) = -3*d(y) - 2*q(y). Let m(v) = v**2 - 1. Let x be m(2). Calculate h(x).
10
Let c(h) = h**3 + 8*h**2 + 7*h + 5. Let k(d) = -d**3 + 9*d**2 - 14*d - 7. Let w be k(7). Give c(w).
5
Suppose 2 = 2*i - 0*i. Let g = i + -2. Let k(x) = x**3 - 3*x + 0*x**3 + 4*x + x**3. Calculate k(g).
-3
Let u(v) = -v + 4. Let i be u(7). Let h(j) = -j**2 - 3. Give h(i).
-12
Let p(b) = -3*b + 6. Suppose 7*s - 4*s + 19 = -2*w, -2*s = -5*w. Let c(h) = 2*h - 4. Let q(r) = s*p(r) - 8*c(r). Calculate q(5).
-3
Let s = -20 - -23. Let w(m) = -m + 1. Let r be w(-3). Suppose -s*y = -r*y + 5. Let o(p) = p - 1. Determine o(y).
4
Let p be (20/6)/(6/9). Suppose 2*s + 4*d + 2 = -s, -d - 12 = -5*s. Let q(z) = -s + 8 - 5*z - 4*z**2 + 4*z**3 - z**3 - 2*z**3. Give q(p).
6
Let q(g) be the second derivative of 9*g**5/20 - g**4/12 + g**3/6 + g**2/2 + g. Suppose -21*l = -16*l + 5. Calculate q(l).
-10
Let i(n) = -n**3 + n**2 + n - 1. Let x be i(2). Let u be 5 - (-1)/(x/(-6)). Suppose 0 = -p - j, 3*p - 4*j + 0*j = -u. Let m(r) = -2*r - 1. Calculate m(p).
1
Let j(s) = -s**2 - s + 2. Let p = -20 - -23. Suppose 20 = -p*v - 2*v. Determine j(v).
-10
Let f(k) be the second derivative of -1/3*k**3 - 1/40*k**5 + 0*k**2 + 0 - 1/4*k**4 + 2*k. Let r(g) be the second derivative of f(g). Give r(-4).
6
Let h = 35 + -30. Suppose 20 = -5*n + h*o, n + 2*o = 2*n + 7. Let c(m) = 7*m - 1. Calculate c(n).
-8
Let u(c) = 5*c**2 - 3*c - 3. Let b(j) = -j**3 + j + 1. Let p(d) = b(d) + u(d). Calculate p(4).
6
Suppose -5*n + 4*n = -4. Let i(m) = -m**3 + m**2 + 2. Let b(c) = c**2 - 2*c**2 - 2 + 1. Let v(j) = 3*b(j) - i(j). Give v(n).
-5
Let q(l) be the second derivative of 0 - 1/6*l**3 + 4*l - 2*l**2. Determine q(-5).
1
Let y(x) = -x**3 - 5*x**2 - 2*x + 1. Suppose 5*n = -10, 2*r - 3*n - 9 = 3*r. Let h(d) = d. Let a be h(r). Give y(a).
-11
Let l = -2 + 0. Let z = l - -3. Let a(n) = z + 2*n + 3*n - 4*n. Determine a(-5).
-4
Let c(j) = j**2 + 4*j - 1. Let q(a) = 2*a + 8. Let t = 12 - 18. Let l be (t/5)/((-1)/(-5)). Let o be q(l). Calculate c(o).
-1
Let w(r) = 0*r - 6*r**2 + 4*r**2 + 0*r - 6*r - 1. What is w(-4)?
-9
Let j(k) be the second derivative of -k**3/2 + k**2/2 + 14*k. Let d be (2/3)/((-2)/3). Calculate j(d).
4
Let v(c) be the third derivative of c**4/8 - c**3/6 + 7*c**2. Suppose -3*r - 2*w + 15 = 2*r, 3*r - 28 = -5*w. Give v(r).
2
Let q(x) = -x**2. Let u(y) = -7*y**2 - 4*y + 8. Let r(h) = -6*q(h) + u(h). Calculate r(-6).
-4
Let s(c) = c**3 - 4*c**2 + 5*c - 3. Let r be s(3). Let j(b) = 3 - 2*b - b - 2*b + r*b. What is j(5)?
-7
Let i(a) = -2 - 1 - a - 2. Give i(-3).
-2
Let d(b) = -1 + 3 + 2*b + 3. Determine d(-5).
-5
Suppose -18 = 4*l + 2*z, -2 - 4 = l + 2*z. Let g(u) = -u - 8. Give g(l).
-4
Let m(t) be the first derivative of -t**2/2 - 6*t + 41. Determine m(-5).
-1
Let j(g) = g**2 - 7*g + 2. Let y be (0 + 32)/(-1)*-1. Suppose w - 4*w + 3*m + 6 = 0, -2*w - 5*m + y = 0. Calculate j(w).
-4
Let r = -144 + 138. Let b(x) = x. Determine b(r).
-6
Let u(d) = 6*d**3 - 4*d**2 - 6*d + 1. Let l(g) = g**3 - g**2 - g. Let h(q) = -5*l(q) + u(q). Calculate h(2).
11
Let n(l) be the third derivative of l**4/12 + l**2 - 36. Give n(-4).
-8
Let o(p) = p**2 + 4*p - 34. Let v be o(-8). Let k(h) = h**2 + 3*h - 1. What is k(v)?
-3
Let v(h) = 2*h. Let a(t) = -2*t + 1. Let q(i) = -3*a(i) - 2*v(i). Let x be 4/(0 + 6/3). Give q(x).
1
Let l(v) = 6*v**3 + 2*v - 1. Supp